2*b - 7. Let c be r(-7). Let v = c - 132. Calculate the highest common factor of v and 11.
11
Suppose 80 = 2*n - 2*j, -4*n + 48 = -j - 100. Calculate the highest common divisor of n and 3.
3
Suppose -2*a - 2*m - 1169 = -4147, 5*a - m = 7415. What is the highest common divisor of 14 and a?
14
Let w be (-2)/12*2*-51. Let l(x) = 155*x**2 - 6*x - 8. Let u be l(-1). Calculate the greatest common factor of w and u.
17
Let q(j) = -2*j**3 - 11*j**2 + 10*j + 7. Let b be q(-7). What is the greatest common factor of 224 and b?
28
Suppose 4*h - 87 - 32 = -5*s, -123 = -3*h + 3*s. Calculate the highest common divisor of 1824 and h.
12
Let m = -13 - -28. Suppose -2*v - 31 = -2*w - 13, -w = -5*v - 33. Let y be (-8 + -32)*v/8. What is the highest common factor of m and y?
15
Let y be (12/8)/((-2)/(-4)). Let w = 32 - 20. Let i be 5*w + y + -7. What is the greatest common factor of i and 8?
8
Let d = 397 + -271. Let f = d + -120. Let z(q) = -q**3 - 2*q**2 - 3*q - 2. Let t be z(-4). What is the highest common divisor of t and f?
6
Suppose 48 = 16*v - 32. What is the highest common factor of v and 910?
5
Let l be ((-162)/15)/(9/(-30)). Let c = -133 - -313. What is the greatest common divisor of l and c?
36
Suppose 5*g - a - 10590 = 0, g - a + 920 = 3042. Calculate the highest common factor of g and 73.
73
Suppose -4*l = 4*k - 8, -10*l + 15*l + 17 = 4*k. Suppose -30 = -k*p + 9. Suppose 0 = s + 4*s - 65. Calculate the greatest common divisor of p and s.
13
Suppose 2*o - 1 = 1. Suppose -21 = -5*d - 4*f, 0 = 275*d - 279*d + 4*f - 12. What is the highest common factor of d and o?
1
Let y be (4 - 28/8)/((-3)/(-426)). Let w = -3 + 44. Let k = y - w. What is the highest common divisor of 20 and k?
10
Suppose -40 = -25*z + 20*z. Let c(l) = 9*l - 12. Let q be c(z). What is the greatest common divisor of q and 150?
30
Let k(o) = 19*o + 3. Let i(c) = 18*c + 3. Let j(m) = -5*i(m) + 4*k(m). Let x be j(-2). Calculate the highest common divisor of 5 and x.
5
Suppose -4*m + 0*m + 16 = 0. Let x(u) be the first derivative of -u**2/2 - u - 2. Let b be x(-7). Calculate the highest common factor of b and m.
2
Suppose -2*p - 3*g - 6 = -0*g, 5*p = g + 2. Suppose p = -n + 7*q - 3*q + 388, -2*n + 3*q + 801 = 0. Calculate the greatest common divisor of 51 and n.
51
Suppose -5*x + 151 = -4*h, -5*h + 54 - 111 = -2*x. What is the greatest common factor of x and 341?
31
Suppose 5*y = -4*k + 95, 3*y + 0*k = -5*k + 57. Suppose y*r - 20*r = -21. Calculate the highest common factor of 231 and r.
21
Suppose 0 = 5*f + 3*v + 545, 0 = 2*f + f + 3*v + 321. Let s = 2 - f. Suppose 0 = 2*y - r - 147, 0 = r - 5 - 0. Calculate the greatest common divisor of s and y.
38
Suppose 2*m = 6*m + 8. Let l(c) = 12*c**2 + 2. Let g be l(m). Calculate the greatest common factor of g and 10.
10
Suppose 0 = -4*p - 0*p + 8. Let w be (p/(-2))/(1 - 2) + 3. Calculate the greatest common factor of 36 and w.
4
Let b be 0/1 + 13 + 33. Calculate the greatest common divisor of b and 276.
46
Let c be -1*(-3 + -2 + 2). Suppose 250 = 5*k + c*w, -4*k - 4*w = -0*w - 208. Let m be 3 - 6 - k*-1. What is the highest common divisor of 11 and m?
11
Suppose 46*f - 60*f = -196. Let j be ((-4)/10 + 0)*-35. Calculate the highest common factor of j and f.
14
Suppose -4*k + 5*a = -40 - 10, -38 = -2*k - 4*a. Suppose -12*r - 3 = -k*r. Calculate the greatest common factor of 5 and r.
1
Suppose -5*d = -38*d + 594. What is the highest common divisor of 9 and d?
9
Let z be (405/18)/15*(2 - 0). Suppose -4*w - z*r + 31 = 0, 0 = -w + 4*r + 2 + 1. Calculate the greatest common divisor of 49 and w.
7
Let t be (-882)/(-90) - (-4)/(-5). Calculate the highest common factor of t and 9.
9
Suppose -10*q + 2236 = 1876. What is the greatest common factor of 768 and q?
12
Let z = 538 - -947. Suppose -w = -j + 372, z = 4*j - 2*w - w. Calculate the greatest common factor of j and 41.
41
Let u = -35 + 29. Let s(n) = -n**3 - 5*n**2 + 3*n - 6. Let l be s(u). Calculate the greatest common divisor of l and 8.
4
Let z(q) = -21*q**2 - 5. Let j be z(4). Let y = -183 - j. Suppose -s + y = s - d, -5*s - d = -409. What is the greatest common divisor of 27 and s?
27
Let q = 102 - 21. Let h be q/6 - (-12)/(-8). Calculate the highest common factor of 132 and h.
12
Let j be (-1 - -6) + 5*15. What is the greatest common factor of 128 and j?
16
Let l be (-1*1)/(5*6/(-4590)). Calculate the highest common divisor of 17 and l.
17
Let p(z) = z**3 - 7*z**2 - 12*z + 6. Let t be p(8). Let u(b) = b + 37. Let y be u(t). What is the highest common factor of 121 and y?
11
Let p = -36 - -72. Let t(u) be the first derivative of -u**4/4 - u**3/3 + 3*u**2/2 + 7. Let i be t(-3). Calculate the highest common factor of p and i.
9
Suppose 281 = 2*y + 5*k, -219 = -y + 5*k - 116. Suppose f - 4*j - 28 = 0, 83 = 5*f + j - 2*j. What is the highest common divisor of f and y?
16
Suppose -4*r + 3 = -2*t - 9, -r = 0. Let n = 15 + t. Let v be -11*6*(52/(-8) - -5). What is the greatest common factor of n and v?
9
Let b(f) = -f**3 - 32*f**2 - 180*f + 1. Let h be b(-7). What is the highest common divisor of h and 20?
4
Let q = -157 - -96. Let w = q - -68. Calculate the highest common factor of w and 56.
7
Let g(d) = -3*d + 3. Suppose 24 = -0*j - 4*j. Let k(c) = -c**3 - 6*c**2 - 3. Let o be k(j). Let i be g(o). What is the highest common factor of i and 36?
12
Suppose h + 9*s - 6*s - 49 = 0, -h + 2*s = -44. What is the greatest common divisor of 1426 and h?
46
Let g = -1077 - -1581. Calculate the highest common divisor of 9 and g.
9
Let k = -739 - -781. Calculate the greatest common factor of k and 903.
21
Suppose g + 0*g = 4. Suppose 4*q - 15 = g*n + n, 0 = -3*q + 15. Let b be (-50)/(-2) - (n + 0). What is the greatest common divisor of b and 192?
24
Suppose -d = -3*d - 2*l + 90, 3*l = 4*d - 187. Let o be (0 - 6/14) + 975/21. What is the highest common divisor of d and o?
46
Let v be (14/(-4))/(8/112). Let q be (30/(-105))/(1/v). What is the highest common factor of q and 35?
7
Let w = 295 + -288. What is the highest common factor of w and 252?
7
Let v be 6/3 - (-8 - -7). Suppose -g - 43 = -4*g - s, 0 = g - v*s - 21. What is the greatest common factor of g and 10?
5
Let z be (0 + -1)/(-7 - 80/(-12)). Let n be 4 + 22 + (2 - 1). What is the highest common factor of z and n?
3
Let s(v) = -2*v**3 - 9*v**2 + 7*v + 23. Let l be s(-5). Let h(c) = 168*c + 1. Let o be h(1). What is the greatest common divisor of o and l?
13
Let k = -2 + 5. Let s(o) = -3*o**3 + o - 2*o**3 - 2*o**2 + 5*o**3 + 2*o**3 - 3. Let n be s(k). Calculate the highest common divisor of n and 12.
12
Let s be ((-1)/(-4))/(5/20). Let c = 2 + s. Suppose -a - 64 = -c*a. Calculate the greatest common divisor of 16 and a.
16
Suppose 0*k + 187 = 2*x + 5*k, -2*x + 197 = -5*k. Let l = -1 - 0. Let q be (1/(-2))/(l/24). Calculate the greatest common divisor of x and q.
12
Let m(r) = 3*r**2 - 2*r**2 + 2*r**2 - 3*r. Let z be m(3). Let o(k) = 12*k - 24. Let p be o(3). Calculate the greatest common factor of z and p.
6
Let s(n) = -n**2 + 4*n + 2. Let m be s(3). Let v(w) = -w**2 + 8*w - 5. Let t be v(m). Calculate the greatest common factor of 10 and t.
10
Let o(j) = j**2 + 6*j + 9. Let p be o(-2). Suppose -2*l + 27 = 5. Calculate the greatest common divisor of l and p.
1
Suppose 2*r = 902 - 746. Calculate the highest common factor of r and 182.
26
Let j(u) = u**2 - 16*u - 20. Let v be j(17). Let t(k) = -7*k - 7. Let a be t(v). Calculate the highest common divisor of 70 and a.
14
Let i be (-2 - 1)*3*102/(-27). Let o = 39 - i. What is the highest common divisor of o and 15?
5
Let x = 244 + -164. Calculate the greatest common factor of 520 and x.
40
Let x = -88 + 94. Calculate the greatest common factor of 96 and x.
6
Let k(i) = i + 310. Let m be k(-9). What is the highest common factor of 7 and m?
7
Suppose 5*n = 4*n. Suppose n = -l - 3*d + 7*d + 9, -10 = -l + 5*d. Let h = 142 - 137. What is the highest common divisor of l and h?
5
Suppose 11*z - 11840 = -9*z. What is the highest common factor of 111 and z?
37
Suppose 5*s + 392 = 19*s. What is the greatest common divisor of s and 1036?
28
Let i(f) = 3 + 0*f**2 - 5 + 8*f**2 + 5. Suppose 0*m - 12 = 4*a - m, 5*m = -2*a - 6. Let g be i(a). Calculate the greatest common factor of g and 15.
15
Suppose 2*h = -4*b + 5 + 1, -